{"id":14660,"date":"2023-03-06T11:59:40","date_gmt":"2023-03-06T09:59:40","guid":{"rendered":"https:\/\/fitpass.rs\/blog\/?page_id=14660"},"modified":"2023-03-20T10:31:12","modified_gmt":"2023-03-20T08:31:12","slug":"posao-je-laksi-uz-fitpass","status":"publish","type":"page","link":"https:\/\/fitpass.rs\/blog\/posao-je-laksi-uz-fitpass\/","title":{"rendered":"Posao je lak\u0161i uz Fitpass"},"content":{"rendered":"\n<div class=\"wp-block-columns are-vertically-aligned-center is-layout-flex wp-container-3\">\n<div class=\"wp-block-column is-vertically-aligned-center is-layout-flow\">\n<figure class=\"wp-block-embed is-type-video is-provider-youtube wp-block-embed-youtube wp-embed-aspect-16-9 wp-has-aspect-ratio\"><div class=\"wp-block-embed__wrapper\">\n<iframe loading=\"lazy\" title=\"Posao je lak\u0161i uz Fitpass\" width=\"500\" height=\"281\" src=\"https:\/\/www.youtube.com\/embed\/ha8IgsdPjhg?feature=oembed\" frameborder=\"0\" allow=\"accelerometer; autoplay; clipboard-write; encrypted-media; gyroscope; picture-in-picture; web-share\" allowfullscreen><\/iframe>\n<\/div><\/figure>\n<\/div>\n\n\n\n<div class=\"wp-block-column is-vertically-aligned-center is-layout-flow\">\n<p>Ako juri\u0161 za rokovima i tr\u010di\u0161 po sastancima\u2026 Ako te bole le\u0111a od sedenja za ra\u010dunarom ili samo \u017eeli\u0161 da se \u201eizduva\u0161\u201c na treningu\u2026 <strong>Fitpass je savr\u0161en radni benefit za tebe i tvoje kolege!<\/strong><\/p>\n\n\n\n<p>On obezbe\u0111uje:<\/p>\n\n\n\n<ul><li>Pristup 500+ sportskih centara u Srbiji<\/li><li>Tim bilding aktivnosti<\/li><li>Bolju motivaciju zaposlenih<\/li><li>Ve\u0107e zadovoljstvo i produktivnost na radu<\/li><\/ul>\n\n\n\n<p>Fitpass je prisutan u vi\u0161e od 40 gradova \u0161irom Srbije: Pan\u010devu, Kragujevcu, Ni\u0161u, Subotici, Beogradu, Novom Sadu, itd.<\/p>\n\n\n\n<p>Uz Fitpass aplikaciju, zaposleni dobijaju pristup svim sportskim objektima u okviru Fitpass sistema. I priliku da ve\u017ebaju pre ili posle posla, u blizini ku\u0107e ili kancelarije. <strong>Kako kome odgovara!<\/strong> <\/p>\n<\/div>\n<\/div>\n\n\n\n<div class=\"wp-block-columns is-layout-flex wp-container-8\">\n<div class=\"wp-block-column is-layout-flow\"><\/div>\n\n\n\n<div class=\"wp-block-column is-layout-flow\">\n<div class=\"wp-block-buttons is-layout-flex\">\n<div class=\"wp-block-button aligncenter has-custom-width wp-block-button__width-75\"><a class=\"wp-block-button__link has-background\" href=\"https:\/\/forms.gle\/J4dRDi7jA1kEHorE6\" style=\"background-color:#e6441f\">\u017delim Fitpass u svojoj kompaniji<\/a><\/div>\n<\/div>\n<\/div>\n\n\n\n<div class=\"wp-block-column is-layout-flow\"><\/div>\n<\/div>\n\n\n\n<hr class=\"wp-block-separator has-text-color has-alpha-channel-opacity has-background is-style-dots\" style=\"background-color:#e6441f;color:#e6441f\"\/>\n\n\n\n<h2 class=\"wp-block-heading\">Kako da Fitpass do\u0111e i u tvoju kompaniju?<\/h2>\n\n\n\n<div class=\"wp-block-columns is-layout-flex wp-container-16\">\n<div class=\"wp-block-column is-layout-flow\">\n<figure class=\"wp-block-image aligncenter size-full\"><img decoding=\"async\" loading=\"lazy\" width=\"1080\" height=\"1080\" src=\"https:\/\/fitpass.rs\/blog\/wp-content\/uploads\/2023\/02\/LI-Svi-gradovi-Posao_1x1.png\" alt=\"Posao je lak\u0161i uz Fitpass.\" class=\"wp-image-14639\" srcset=\"https:\/\/fitpass.rs\/blog\/wp-content\/uploads\/2023\/02\/LI-Svi-gradovi-Posao_1x1.png 1080w, https:\/\/fitpass.rs\/blog\/wp-content\/uploads\/2023\/02\/LI-Svi-gradovi-Posao_1x1-300x300.png 300w, https:\/\/fitpass.rs\/blog\/wp-content\/uploads\/2023\/02\/LI-Svi-gradovi-Posao_1x1-150x150.png 150w, https:\/\/fitpass.rs\/blog\/wp-content\/uploads\/2023\/02\/LI-Svi-gradovi-Posao_1x1-768x768.png 768w, https:\/\/fitpass.rs\/blog\/wp-content\/uploads\/2023\/02\/LI-Svi-gradovi-Posao_1x1-65x65.png 65w, https:\/\/fitpass.rs\/blog\/wp-content\/uploads\/2023\/02\/LI-Svi-gradovi-Posao_1x1-750x750.png 750w\" sizes=\"(max-width: 1080px) 100vw, 1080px\" \/><\/figure>\n<\/div>\n\n\n\n<div class=\"wp-block-column is-layout-flow\">\n<div style=\"height:20px\" aria-hidden=\"true\" class=\"wp-block-spacer\"><\/div>\n\n\n\n<p>Ukoliko tvoja kompanija jo\u0161 uvek nije obezbedila Fitpass benefite za svoje zaposlene, mi ti mo\u017eemo pomo\u0107i.<\/p>\n\n\n\n<p>Klikni na dugme ispod i popuni formular, a mi \u0107emo stupiti u kontakt sa tvojom kompanijom i poku\u0161ati da obezbedimo Fitpass za tebe i tvoje kolege!<\/p>\n\n\n\n<p>Klikni na dugme ispod i popuni kratak formular.<\/p>\n\n\n\n<div class=\"wp-block-columns is-layout-flex wp-container-14\">\n<div class=\"wp-block-column is-layout-flow\" style=\"flex-basis:25%\"><\/div>\n\n\n\n<div class=\"wp-block-column is-layout-flow\" style=\"flex-basis:99%\">\n<div class=\"wp-block-buttons is-layout-flex\">\n<div class=\"wp-block-button aligncenter has-custom-width wp-block-button__width-75\"><a class=\"wp-block-button__link has-background\" href=\"https:\/\/forms.gle\/J4dRDi7jA1kEHorE6\" style=\"background-color:#e6441f\">\u017delim Fitpass u svojoj kompaniji<\/a><\/div>\n<\/div>\n<\/div>\n\n\n\n<div class=\"wp-block-column is-layout-flow\" style=\"flex-basis:25%\"><\/div>\n<\/div>\n\n\n\n<div style=\"height:20px\" aria-hidden=\"true\" class=\"wp-block-spacer\"><\/div>\n<\/div>\n<\/div>\n\n\n\n<hr class=\"wp-block-separator has-text-color has-alpha-channel-opacity has-background is-style-dots\" style=\"background-color:#e6441f;color:#e6441f\"\/>\n\n\n\n<h2 class=\"has-text-align-center wp-block-heading\">Za\u0161to Fitpass?<\/h2>\n\n\n\n<div style=\"height:20px\" aria-hidden=\"true\" class=\"wp-block-spacer\"><\/div>\n\n\n\n<div id=\"wp-block-themeisle-blocks-advanced-columns-c00aadba\" class=\"wp-block-themeisle-blocks-advanced-columns alignfull has-2-columns has-desktop-equal-layout has-tablet-equal-layout has-mobile-collapsedRows-layout has-vertical-center ticss-c00aadba\"><div class=\"wp-block-themeisle-blocks-advanced-columns-overlay\"><\/div><div class=\"innerblocks-wrap\">\n<div id=\"wp-block-themeisle-blocks-advanced-column-41c8770c\" class=\"wp-block-themeisle-blocks-advanced-column\">\n<figure class=\"wp-block-image aligncenter size-full is-resized is-style-rounded\"><img decoding=\"async\" loading=\"lazy\" src=\"https:\/\/fitpass.rs\/blog\/wp-content\/uploads\/2023\/03\/2.jpg\" alt=\"\" class=\"wp-image-14720\" width=\"270\" height=\"270\" srcset=\"https:\/\/fitpass.rs\/blog\/wp-content\/uploads\/2023\/03\/2.jpg 1080w, https:\/\/fitpass.rs\/blog\/wp-content\/uploads\/2023\/03\/2-300x300.jpg 300w, https:\/\/fitpass.rs\/blog\/wp-content\/uploads\/2023\/03\/2-150x150.jpg 150w, https:\/\/fitpass.rs\/blog\/wp-content\/uploads\/2023\/03\/2-768x768.jpg 768w, https:\/\/fitpass.rs\/blog\/wp-content\/uploads\/2023\/03\/2-65x65.jpg 65w, https:\/\/fitpass.rs\/blog\/wp-content\/uploads\/2023\/03\/2-750x750.jpg 750w\" sizes=\"(max-width: 270px) 100vw, 270px\" \/><\/figure>\n\n\n\n<p id=\"wp-block-themeisle-blocks-advanced-heading-ad44c57d\" class=\"wp-block-themeisle-blocks-advanced-heading wp-block-themeisle-blocks-advanced-heading-ad44c57d\">&#8220;Kod Fitpassa nam je najva\u017enija prilagodljivost u pogledu termina i ponude sportskih centara.&#8221;<\/p>\n\n\n\n<p id=\"wp-block-themeisle-blocks-advanced-heading-d3f7e3db\" class=\"wp-block-themeisle-blocks-advanced-heading wp-block-themeisle-blocks-advanced-heading-d3f7e3db\"><strong><em>Jelena Hajder, Inspira grupa<\/em><\/strong><\/p>\n<\/div>\n\n\n\n<div id=\"wp-block-themeisle-blocks-advanced-column-82532c60\" class=\"wp-block-themeisle-blocks-advanced-column\">\n<figure class=\"wp-block-image aligncenter size-full is-resized is-style-rounded\"><img decoding=\"async\" loading=\"lazy\" src=\"https:\/\/fitpass.rs\/blog\/wp-content\/uploads\/2023\/03\/1.jpg\" alt=\"\" class=\"wp-image-14721\" width=\"270\" height=\"270\" srcset=\"https:\/\/fitpass.rs\/blog\/wp-content\/uploads\/2023\/03\/1.jpg 1080w, https:\/\/fitpass.rs\/blog\/wp-content\/uploads\/2023\/03\/1-300x300.jpg 300w, https:\/\/fitpass.rs\/blog\/wp-content\/uploads\/2023\/03\/1-150x150.jpg 150w, https:\/\/fitpass.rs\/blog\/wp-content\/uploads\/2023\/03\/1-768x768.jpg 768w, https:\/\/fitpass.rs\/blog\/wp-content\/uploads\/2023\/03\/1-65x65.jpg 65w, https:\/\/fitpass.rs\/blog\/wp-content\/uploads\/2023\/03\/1-750x750.jpg 750w\" sizes=\"(max-width: 270px) 100vw, 270px\" \/><\/figure>\n\n\n\n<p id=\"wp-block-themeisle-blocks-advanced-heading-3a87334a\" class=\"wp-block-themeisle-blocks-advanced-heading wp-block-themeisle-blocks-advanced-heading-3a87334a\">&#8220;Nakon ve\u017ebanja se dobro ose\u0107amo, puni smo energije i fino raspolo\u017eeni, pa \u0107emo lak\u0161e da radimo i bolje da sara\u0111ujemo sa kolegama.&#8221;<\/p>\n\n\n\n<p id=\"wp-block-themeisle-blocks-advanced-heading-1f9f2063\" class=\"wp-block-themeisle-blocks-advanced-heading wp-block-themeisle-blocks-advanced-heading-1f9f2063\"><strong><strong><em>Marija Janji\u0107, Hooloovoo<\/em><\/strong><\/strong><\/p>\n<\/div>\n<\/div><\/div>\n","protected":false},"excerpt":{"rendered":"<p>Ako juri\u0161 za rokovima i tr\u010di\u0161 po sastancima\u2026 Ako te bole le\u0111a od sedenja za ra\u010dunarom ili samo \u017eeli\u0161 da se \u201eizduva\u0161\u201c na treningu\u2026 Fitpass je savr\u0161en radni benefit za tebe i tvoje kolege! On obezbe\u0111uje: Pristup 500+ sportskih centara u Srbiji Tim bilding aktivnosti Bolju motivaciju zaposlenih Ve\u0107e zadovoljstvo i produktivnost na radu Fitpass [&hellip;]<\/p>\n","protected":false},"author":2,"featured_media":0,"parent":0,"menu_order":0,"comment_status":"closed","ping_status":"closed","template":"","meta":{"_themeisle_gutenberg_block_has_review":false},"yoast_head":"<!-- This site is optimized with the Yoast SEO plugin v20.3 - https:\/\/yoast.com\/wordpress\/plugins\/seo\/ -->\n<title>Posao je lak\u0161i uz Fitpass | Fitpass<\/title>\n<meta name=\"description\" content=\"Uz Fitpass, zaposleni dobijaju pristup svim sportskim objektima u okviru Fitpass sistema. I priliku da ve\u017ebaju pre ili posle posla, u blizini ku\u0107e ili kancelarije.\" \/>\n<meta name=\"robots\" content=\"index, follow, max-snippet:-1, max-image-preview:large, max-video-preview:-1\" \/>\n<link rel=\"canonical\" href=\"https:\/\/fitpass.rs\/blog\/posao-je-laksi-uz-fitpass\/\" \/>\n<meta property=\"og:locale\" content=\"en_US\" \/>\n<meta property=\"og:type\" content=\"article\" \/>\n<meta property=\"og:title\" content=\"Posao je lak\u0161i uz Fitpass | Fitpass\" \/>\n<meta property=\"og:description\" content=\"Uz Fitpass, zaposleni dobijaju pristup svim sportskim objektima u okviru Fitpass sistema. I priliku da ve\u017ebaju pre ili posle posla, u blizini ku\u0107e ili kancelarije.\" \/>\n<meta property=\"og:url\" content=\"https:\/\/fitpass.rs\/blog\/posao-je-laksi-uz-fitpass\/\" \/>\n<meta property=\"og:site_name\" content=\"Fitpass\" \/>\n<meta property=\"article:publisher\" content=\"https:\/\/www.facebook.com\/FitPass.rs\/\" \/>\n<meta property=\"article:modified_time\" content=\"2023-03-20T08:31:12+00:00\" \/>\n<meta property=\"og:image\" content=\"http:\/\/fitpass.rs\/blog\/wp-content\/uploads\/2023\/02\/LI-Svi-gradovi-Posao_1x1.png\" \/>\n<meta name=\"twitter:label1\" content=\"Est. reading time\" \/>\n\t<meta name=\"twitter:data1\" content=\"2 minutes\" \/>\n<script type=\"application\/ld+json\" class=\"yoast-schema-graph\">{\"@context\":\"https:\/\/schema.org\",\"@graph\":[{\"@type\":\"WebPage\",\"@id\":\"https:\/\/fitpass.rs\/blog\/posao-je-laksi-uz-fitpass\/\",\"url\":\"https:\/\/fitpass.rs\/blog\/posao-je-laksi-uz-fitpass\/\",\"name\":\"Posao je lak\u0161i uz Fitpass | Fitpass\",\"isPartOf\":{\"@id\":\"https:\/\/fitpass.rs\/blog\/#website\"},\"datePublished\":\"2023-03-06T09:59:40+00:00\",\"dateModified\":\"2023-03-20T08:31:12+00:00\",\"description\":\"Uz Fitpass, zaposleni dobijaju pristup svim sportskim objektima u okviru Fitpass sistema. I priliku da ve\u017ebaju pre ili posle posla, u blizini ku\u0107e ili kancelarije.\",\"breadcrumb\":{\"@id\":\"https:\/\/fitpass.rs\/blog\/posao-je-laksi-uz-fitpass\/#breadcrumb\"},\"inLanguage\":\"en-US\",\"potentialAction\":[{\"@type\":\"ReadAction\",\"target\":[\"https:\/\/fitpass.rs\/blog\/posao-je-laksi-uz-fitpass\/\"]}]},{\"@type\":\"BreadcrumbList\",\"@id\":\"https:\/\/fitpass.rs\/blog\/posao-je-laksi-uz-fitpass\/#breadcrumb\",\"itemListElement\":[{\"@type\":\"ListItem\",\"position\":1,\"name\":\"Home\",\"item\":\"https:\/\/fitpass.rs\/blog\/\"},{\"@type\":\"ListItem\",\"position\":2,\"name\":\"Posao je lak\u0161i uz Fitpass\"}]},{\"@type\":\"WebSite\",\"@id\":\"https:\/\/fitpass.rs\/blog\/#website\",\"url\":\"https:\/\/fitpass.rs\/blog\/\",\"name\":\"Fitpass\",\"description\":\"\",\"publisher\":{\"@id\":\"https:\/\/fitpass.rs\/blog\/#organization\"},\"potentialAction\":[{\"@type\":\"SearchAction\",\"target\":{\"@type\":\"EntryPoint\",\"urlTemplate\":\"https:\/\/fitpass.rs\/blog\/?s={search_term_string}\"},\"query-input\":\"required name=search_term_string\"}],\"inLanguage\":\"en-US\"},{\"@type\":\"Organization\",\"@id\":\"https:\/\/fitpass.rs\/blog\/#organization\",\"name\":\"FitPass\",\"url\":\"https:\/\/fitpass.rs\/blog\/\",\"logo\":{\"@type\":\"ImageObject\",\"inLanguage\":\"en-US\",\"@id\":\"https:\/\/fitpass.rs\/blog\/#\/schema\/logo\/image\/\",\"url\":\"https:\/\/fitpass.rs\/blog\/wp-content\/uploads\/2022\/11\/fpBlogbg.jpg\",\"contentUrl\":\"https:\/\/fitpass.rs\/blog\/wp-content\/uploads\/2022\/11\/fpBlogbg.jpg\",\"width\":500,\"height\":500,\"caption\":\"FitPass\"},\"image\":{\"@id\":\"https:\/\/fitpass.rs\/blog\/#\/schema\/logo\/image\/\"},\"sameAs\":[\"https:\/\/www.facebook.com\/FitPass.rs\/\",\"https:\/\/www.instagram.com\/fitpass.srbija\/\",\"https:\/\/www.linkedin.com\/company\/fitpass-group\"]}]}<\/script>\n<!-- \/ Yoast SEO plugin. -->","yoast_head_json":{"title":"Posao je lak\u0161i uz Fitpass | Fitpass","description":"Uz Fitpass, zaposleni dobijaju pristup svim sportskim objektima u okviru Fitpass sistema. I priliku da ve\u017ebaju pre ili posle posla, u blizini ku\u0107e ili kancelarije.","robots":{"index":"index","follow":"follow","max-snippet":"max-snippet:-1","max-image-preview":"max-image-preview:large","max-video-preview":"max-video-preview:-1"},"canonical":"https:\/\/fitpass.rs\/blog\/posao-je-laksi-uz-fitpass\/","og_locale":"en_US","og_type":"article","og_title":"Posao je lak\u0161i uz Fitpass | Fitpass","og_description":"Uz Fitpass, zaposleni dobijaju pristup svim sportskim objektima u okviru Fitpass sistema. I priliku da ve\u017ebaju pre ili posle posla, u blizini ku\u0107e ili kancelarije.","og_url":"https:\/\/fitpass.rs\/blog\/posao-je-laksi-uz-fitpass\/","og_site_name":"Fitpass","article_publisher":"https:\/\/www.facebook.com\/FitPass.rs\/","article_modified_time":"2023-03-20T08:31:12+00:00","og_image":[{"url":"http:\/\/fitpass.rs\/blog\/wp-content\/uploads\/2023\/02\/LI-Svi-gradovi-Posao_1x1.png"}],"twitter_misc":{"Est. reading time":"2 minutes"},"schema":{"@context":"https:\/\/schema.org","@graph":[{"@type":"WebPage","@id":"https:\/\/fitpass.rs\/blog\/posao-je-laksi-uz-fitpass\/","url":"https:\/\/fitpass.rs\/blog\/posao-je-laksi-uz-fitpass\/","name":"Posao je lak\u0161i uz Fitpass | Fitpass","isPartOf":{"@id":"https:\/\/fitpass.rs\/blog\/#website"},"datePublished":"2023-03-06T09:59:40+00:00","dateModified":"2023-03-20T08:31:12+00:00","description":"Uz Fitpass, zaposleni dobijaju pristup svim sportskim objektima u okviru Fitpass sistema. I priliku da ve\u017ebaju pre ili posle posla, u blizini ku\u0107e ili kancelarije.","breadcrumb":{"@id":"https:\/\/fitpass.rs\/blog\/posao-je-laksi-uz-fitpass\/#breadcrumb"},"inLanguage":"en-US","potentialAction":[{"@type":"ReadAction","target":["https:\/\/fitpass.rs\/blog\/posao-je-laksi-uz-fitpass\/"]}]},{"@type":"BreadcrumbList","@id":"https:\/\/fitpass.rs\/blog\/posao-je-laksi-uz-fitpass\/#breadcrumb","itemListElement":[{"@type":"ListItem","position":1,"name":"Home","item":"https:\/\/fitpass.rs\/blog\/"},{"@type":"ListItem","position":2,"name":"Posao je lak\u0161i uz Fitpass"}]},{"@type":"WebSite","@id":"https:\/\/fitpass.rs\/blog\/#website","url":"https:\/\/fitpass.rs\/blog\/","name":"Fitpass","description":"","publisher":{"@id":"https:\/\/fitpass.rs\/blog\/#organization"},"potentialAction":[{"@type":"SearchAction","target":{"@type":"EntryPoint","urlTemplate":"https:\/\/fitpass.rs\/blog\/?s={search_term_string}"},"query-input":"required name=search_term_string"}],"inLanguage":"en-US"},{"@type":"Organization","@id":"https:\/\/fitpass.rs\/blog\/#organization","name":"FitPass","url":"https:\/\/fitpass.rs\/blog\/","logo":{"@type":"ImageObject","inLanguage":"en-US","@id":"https:\/\/fitpass.rs\/blog\/#\/schema\/logo\/image\/","url":"https:\/\/fitpass.rs\/blog\/wp-content\/uploads\/2022\/11\/fpBlogbg.jpg","contentUrl":"https:\/\/fitpass.rs\/blog\/wp-content\/uploads\/2022\/11\/fpBlogbg.jpg","width":500,"height":500,"caption":"FitPass"},"image":{"@id":"https:\/\/fitpass.rs\/blog\/#\/schema\/logo\/image\/"},"sameAs":["https:\/\/www.facebook.com\/FitPass.rs\/","https:\/\/www.instagram.com\/fitpass.srbija\/","https:\/\/www.linkedin.com\/company\/fitpass-group"]}]}},"_links":{"self":[{"href":"https:\/\/fitpass.rs\/blog\/wp-json\/wp\/v2\/pages\/14660"}],"collection":[{"href":"https:\/\/fitpass.rs\/blog\/wp-json\/wp\/v2\/pages"}],"about":[{"href":"https:\/\/fitpass.rs\/blog\/wp-json\/wp\/v2\/types\/page"}],"author":[{"embeddable":true,"href":"https:\/\/fitpass.rs\/blog\/wp-json\/wp\/v2\/users\/2"}],"replies":[{"embeddable":true,"href":"https:\/\/fitpass.rs\/blog\/wp-json\/wp\/v2\/comments?post=14660"}],"version-history":[{"count":49,"href":"https:\/\/fitpass.rs\/blog\/wp-json\/wp\/v2\/pages\/14660\/revisions"}],"predecessor-version":[{"id":14898,"href":"https:\/\/fitpass.rs\/blog\/wp-json\/wp\/v2\/pages\/14660\/revisions\/14898"}],"wp:attachment":[{"href":"https:\/\/fitpass.rs\/blog\/wp-json\/wp\/v2\/media?parent=14660"}],"curies":[{"name":"wp","href":"https:\/\/api.w.org\/{rel}","templated":true}]}}